lculate the greatest common divisor of 940 and 328295.
235
What is the highest common factor of 693882 and 315?
63
Calculate the highest common divisor of 86 and 19909.
43
What is the greatest common factor of 95 and 8073005?
95
Calculate the highest common factor of 3185 and 100295.
65
What is the highest common factor of 306124 and 364?
364
Calculate the highest common divisor of 216656 and 352.
176
What is the highest common factor of 108698 and 68?
34
What is the highest common factor of 14433 and 11886?
849
What is the highest common divisor of 19912 and 33536?
1048
What is the highest common factor of 3179 and 98065?
11
What is the greatest common divisor of 3483 and 8428?
43
What is the highest common divisor of 83430 and 1215?
405
What is the highest common factor of 1508 and 197925?
377
What is the highest common factor of 542157 and 231?
231
Calculate the highest common factor of 513 and 32376.
57
Calculate the greatest common factor of 1180 and 40360.
20
Calculate the highest common factor of 34594 and 490.
98
Calculate the greatest common factor of 534 and 324583.
89
Calculate the greatest common factor of 883185 and 5820.
1455
Calculate the greatest common factor of 18918 and 162.
18
What is the greatest common divisor of 82746 and 270?
18
What is the greatest common divisor of 4883 and 6859?
19
Calculate the highest common divisor of 11 and 218009.
11
Calculate the greatest common factor of 900 and 199872.
36
What is the highest common factor of 100 and 18225?
25
What is the greatest common divisor of 3661248 and 120?
24
Calculate the greatest common divisor of 95050 and 10.
10
What is the highest common divisor of 820 and 402380?
20
What is the highest common divisor of 574254 and 20397?
1569
What is the highest common divisor of 148683 and 261?
87
Calculate the highest common divisor of 61 and 1859951.
61
Calculate the greatest common factor of 96 and 1450528.
32
What is the greatest common factor of 504423 and 18?
9
Calculate the greatest common factor of 370532 and 68.
68
Calculate the greatest common divisor of 8967 and 2107.
49
Calculate the greatest common divisor of 736 and 555404.
92
What is the highest common factor of 35 and 5089?
7
What is the highest common factor of 78 and 78962?
26
What is the greatest common divisor of 6 and 195474?
6
What is the highest common factor of 19943 and 253?
11
What is the highest common divisor of 13 and 2279251?
13
What is the highest common factor of 2292 and 136756?
764
Calculate the greatest common factor of 9 and 87876.
9
Calculate the greatest common divisor of 240894 and 1350.
54
What is the greatest common divisor of 351 and 1599?
39
What is the highest common factor of 96 and 24?
24
Calculate the greatest common factor of 405 and 2509542.
81
What is the greatest common divisor of 207375 and 30?
15
Calculate the greatest common divisor of 399 and 186599.
133
Calculate the greatest common divisor of 14350 and 42.
14
Calculate the highest common factor of 956361 and 21.
21
Calculate the highest common divisor of 1162 and 38374.
14
Calculate the greatest common divisor of 36 and 85392.
36
What is the highest common divisor of 17 and 5811365?
17
Calculate the highest common divisor of 1584 and 14872.
88
Calculate the greatest common divisor of 224714 and 392.
98
What is the highest common divisor of 190 and 68770?
10
Calculate the greatest common factor of 4638 and 138.
6
What is the highest common divisor of 38115 and 51667?
847
Calculate the highest common divisor of 97807 and 235.
47
Calculate the greatest common factor of 515430 and 9.
9
Calculate the greatest common divisor of 487179 and 15561.
1197
Calculate the greatest common factor of 98 and 34484.
2
Calculate the highest common divisor of 68869 and 3355.
61
What is the highest common divisor of 1965 and 81?
3
What is the greatest common factor of 196 and 8632036?
196
What is the greatest common divisor of 1508 and 1924?
52
Calculate the greatest common divisor of 46226 and 4.
2
What is the greatest common divisor of 103564 and 68?
68
What is the highest common divisor of 13692 and 1428?
84
Calculate the greatest common divisor of 23 and 3794977.
23
Calculate the highest common divisor of 3759 and 185265.
537
What is the highest common divisor of 2980 and 1740?
20
Calculate the highest common factor of 24676 and 372.
124
Calculate the highest common divisor of 19667 and 3601.
277
What is the highest common factor of 24 and 13212?
12
What is the greatest common divisor of 3724 and 1444?
76
What is the greatest common factor of 46797 and 6?
3
Calculate the highest common divisor of 19428 and 72.
12
What is the highest common factor of 12646 and 1?
1
Calculate the greatest common factor of 1606 and 11478082.
1606
What is the greatest common divisor of 664 and 1576?
8
What is the greatest common divisor of 2345 and 210?
35
Calculate the highest common factor of 248254 and 722.
38
What is the greatest common divisor of 741 and 919087?
247
Calculate the highest common divisor of 34099 and 1161.
43
What is the highest common factor of 102 and 229483?
17
What is the greatest common factor of 27221 and 1630?
163
Calculate the greatest common divisor of 15331792 and 734.
734
Calculate the highest common factor of 1332 and 17580.
12
Calculate the greatest common factor of 4207252 and 322.
322
What is the greatest common factor of 2184 and 1001?
91
Calculate the greatest common factor of 32 and 53752.
8
Calculate the greatest common factor of 4416 and 18240.
192
Calculate the greatest common factor of 2338 and 182.
14
Calculate the greatest common divisor of 28794 and 312.
6
Calculate the highest common divisor of 25614 and 4266.
18
What is the greatest common divisor of 4876 and 477?
53
Calculate the greatest common divisor of 150 and 3102.
6
What is the greatest common factor of 2697 and 13392?
93
Calculate the highest common divisor of 74156 and 4.
4
Calculate the highest common divisor of 48 and 39584.
16
Calculate the greatest common factor of 12875 and 17625.
125
What is the greatest common divisor of 4285 and 5?
5
What is the greatest common divisor of 2619 and 49664?
97
What is the greatest common divisor of 1664 and 2048?
128
What is the greatest common factor of 197736 and 2904?
264
Calculate the highest common factor of 46 and 48461.
23
Calculate the greatest common factor of 96 and 21408.
96
What is the greatest common factor of 7920 and 4440?
120
What is the greatest common factor of 16488 and 8?
8
Calculate the highest common factor of 1549042 and 666.
74
Calculate the greatest common divisor of 1591452 and 18.
18
What is the highest common factor of 11026951 and 13?
13
Calculate the greatest common factor of 13206 and 2343.
213
Calculate the highest common divisor of 4521 and 204267.
411
Calculate the greatest common divisor of 2464 and 247016.
616
Calculate the highest common divisor of 487558 and 1732.
866
What is the greatest common divisor of 23244 and 2148?
12
What is the highest common factor of 36925 and 50?
25
Calculate the greatest common factor of 6526194 and 489.
489
What is the greatest common factor of 18631 and 93?
31
Calculate the greatest common factor of 170 and 25600.
10
Calculate the greatest common divisor of 31 and 207359.
31
What is the greatest common factor of 1662 and 114?
6
What is the greatest common factor of 895 and 85?
5
What is the highest common divisor of 6405 and 9891?
21
Calculate the greatest common divisor of 413 and 1022293.
59
What is the greatest common divisor of 956 and 421118?
478
Calculate the highest common factor of 47855 and 4165.
85
Calculate the highest common divisor of 792 and 1122.
66
Calculate the greatest common divisor of 33024 and 576.
192
What is the greatest common factor of 24771 and 138?
69
What is the highest common divisor of 238 and 12754?
14
Calculate the highest common factor of 50533 and 7.
7
What is the highest common factor of 216 and 26334?
18
What is the highest common divisor of 169 and 29705?
13
What is the highest common factor of 521 and 3578749?
521
What is the highest common divisor of 489 and 338877?
489
Calculate the greatest common factor of 1211220 and 135.
135
Calculate the highest common factor of 243811 and 479.
479
Calculate the hig